{"id":5521,"date":"2016-04-11T10:54:58","date_gmt":"2016-04-11T10:54:58","guid":{"rendered":"http:\/\/edition-weissenburg.de\/blog\/?page_id=5521"},"modified":"2025-07-26T10:22:35","modified_gmt":"2025-07-26T08:22:35","slug":"ueber-edition-weissenburg","status":"publish","type":"page","link":"https:\/\/edition-weissenburg.de\/blog\/?page_id=5521&lang=de","title":{"rendered":"edition weissenburg"},"content":{"rendered":"\n<p class=\"Textk\u00f6rper-P-P1\"><span class=\"Textk\u00f6rper-C-C1\">Die <strong>edition weissenburg<\/strong> mit den drei Matutina Labels wurde im Jahr 2000 von Joachim Hase in Saarbr\u00fccken gegr\u00fcndet und ist im franz\u00f6sischen Sprachgebrauch ein Verlag \u201cde plaisir\u201d. Er vertritt und vertreibt wichtige Spielarten der zeitgen\u00f6ssischen Kunst, insbesondere in den Bereichen Musik, Bildende Kunst und Literatur.<\/span><\/p>\n\n\n\n<h2 class=\"wp-block-heading\">Neuigkeiten<\/h2>\n\n\n\n<p>Neu im Vertrieb: DDs<span class=\"Apple-converted-space\">&nbsp;<\/span><\/p>\n<p>Zusammen mit dem IT-Ingenieur Paul Bredl hat der Verlag ein<span class=\"Apple-converted-space\">&nbsp; <\/span>Nachfolge-Modell zur Compact Disk (CD) entwickelt, die Digital Disk (DD). Ein Nachfolge-Modell zu Schallplatte und CD mit sch\u00f6nem Cover, Textabdruck, Analyse etc. Statt einer Disk gibt es jetzt einen QR-Code mit fortlaufenden Ziffern. Nur erh\u00e4ltlich bei den K\u00fcnstlern selbst oder in der edition-weissenburg.de<span class=\"Apple-converted-space\">&nbsp;<\/span><\/p>\n<p>Hier die vier zuletzt erschienenen &nbsp;DDs<span style=\"font-size: revert;\">&nbsp;(Digital Disks)<\/span><\/p>\n<p>&nbsp;<\/p>\n\n\n<ul class=\"wp-block-latest-posts__list has-dates wp-block-latest-posts\"><li><a class=\"wp-block-latest-posts__post-title\" href=\"https:\/\/edition-weissenburg.de\/blog\/?p=13504&#038;lang=de\">Neue Single<\/a><time datetime=\"2025-08-08T16:33:10+02:00\" class=\"wp-block-latest-posts__post-date\">8. August 2025<\/time><\/li>\n<li><a class=\"wp-block-latest-posts__post-title\" href=\"https:\/\/edition-weissenburg.de\/blog\/?p=7227&#038;lang=de\">262 \u00dcber Dissipation (Interview)<\/a><time datetime=\"2017-04-15T06:28:06+02:00\" class=\"wp-block-latest-posts__post-date\">15. April 2017<\/time><\/li>\n<\/ul>\n\n\n<h2 class=\"wp-block-heading\">Willkommen<\/h2>\n\n\n\n<p>13.11. 2024<\/p>\n<p>Willkommen auf meiner Website! Paul Bredl hat sie reaktiviert und mir sehr dabei geholfen. Vielen Dank! An dieser Stelle wird in Zukunft auch mein Twitter erscheinen, der schon in einer gewissen Agonie sich nur noch wenig bewegte, zumal&nbsp;&nbsp;Musk alles M\u00f6gliche gemacht hat, um dieses Medium profitabler werden zu lassen. Gerne bin ich bereit, auch die Kommentarspalten wieder zu \u00f6ffnen, auch wenn der letzte Versuch wegen der vielen Spams gescheitert ist und ich die Seite wieder schlie\u00dfen musste.&nbsp;<\/p>\n\n\n\n<p>Auf ein Neues also!<\/p>\n<h2 class=\"wp-block-heading\">&nbsp;<\/h2>\n\n\n\n<h2 class=\"wp-block-heading\"><a href=\"https:\/\/edition-weissenburg.de\/blog\/?page_id=5446&amp;lang=de\" data-type=\"page\" data-id=\"5446\">Reinhold Urmetzer<\/a><\/h2>\n\n\n\n<div class=\"wp-block-group\"><div class=\"wp-block-group__inner-container is-layout-constrained wp-block-group-is-layout-constrained\">\n<div class=\"wp-block-columns is-layout-flex wp-container-core-columns-is-layout-2 wp-block-columns-is-layout-flex\">\n<div class=\"wp-block-column is-layout-flow wp-block-column-is-layout-flow\" style=\"flex-basis:100%\">\n<div class=\"wp-block-columns is-layout-flex wp-container-core-columns-is-layout-1 wp-block-columns-is-layout-flex\">\n<div class=\"wp-block-column is-layout-flow wp-block-column-is-layout-flow\" style=\"flex-basis:66.66%\">\n<p><\/p>\n\n\n\n<p>Reinhold Urmetzer, geboren 1950 mit saar-franz\u00f6sischen Wurzeln in Saarbr\u00fccken, ist ein deutscher Komponist, Pianist und Autor, der f\u00fcr seine interdisziplin\u00e4ren Arbeiten an der Schnittstelle von Musik, Literatur und Philosophie bekannt ist. Er lebt und arbeitet in Stuttgart, unter anderem mit dem Matutina Ensemble Stuttgart zusammen. <span style=\"font-size: revert; color: initial;\">Er hat Musik, Germanistik und Philosophie in Saarbr\u00fccken, Stuttgart und T\u00fcbingen studiert, Komposition in der Meisterklasse Erhard Karkoschka und Philosophie im Hauptfach bei Karl Otto Apel. <\/span><span style=\"font-size: revert; color: initial;\">Er spielte im Ensemble Neue Musik und im Orchester der Musikhochschule Saarbr\u00fccken sowie in den Rockgruppen Puma und Zoom Orchestra. Er pflegte Freundschaften mit Musikern wie Herrmann Rarebell (Scorpions), Manfred von Bohr (Birth Control) und Wolfgang Rihm. Seine Kunst ist von Begegnungen mit bedeutenden Musikern wie Karel Goeyvaerts und Denkern wie Jean-Fran\u00e7ois Lyotard inspiriert, mit denen er Interviews ver\u00f6ffentlicht hat. Als Kritiker war er f\u00fcr die Stuttgarter Zeitung, die Berliner taz und Fachzeitschriften wie Neue Zeitschrift f\u00fcr Musik oder Das Orchester t\u00e4tig. Urmetzer hat elf B\u00fccher ver\u00f6ffentlicht und komponiert Werke, die unter anderem bei der edition weissenburg und im Ricordi Verlag Berlin erschienen sind. Er pr\u00e4gt mit seiner \u00c4sthetik, die er \u201eNeo-Klassik\u201c oder \u201eRetroClassics\u201c nennt, eine postmoderne Musikrichtung, die in mittlerweile 30 L\u00e4nder per Apple Music oder Spotify gestreamt wird.<\/span> <a style=\"font-size: revert;\" href=\"https:\/\/edition-weissenburg.de\/blog\/?page_id=5446&amp;lang=de\" data-type=\"page\" data-id=\"5446\">Mehr&#8230;<\/a><\/p>\n<\/div>\n\n\n\n<div class=\"wp-block-column is-layout-flow wp-block-column-is-layout-flow\" style=\"flex-basis:33.33%\">\n<figure class=\"wp-block-image size-large\"><img decoding=\"async\" src=\"https:\/\/i2.wp.com\/www.edition-weissenburg.de\/wpimages\/wp7f9fd83b_06.png?zoom=1.25&amp;resize=232%2C282\" alt=\"\"\/><\/figure>\n<\/div>\n<\/div>\n<\/div>\n<\/div>\n<\/div><\/div>\n\n\n\n<div class=\"wp-block-group\"><div class=\"wp-block-group__inner-container is-layout-constrained wp-block-group-is-layout-constrained\">\n<h2 class=\"wp-block-heading\">Das <a href=\"https:\/\/edition-weissenburg.de\/blog\/?page_id=13341&amp;lang=de\" data-type=\"page\" data-id=\"13341\">Matutina Ensemble<\/a><\/h2>\n\n\n\n<p class=\"Textk\u00f6rper-P-P0\"><span style=\"font-size: inherit;\">Das Matutina-Ensemble Stuttgart wurde im Herbst 2016 von Reinhold Urmetzer mit Studenten der Musikhochschule Stuttgart anl\u00e4sslich der CD-Einspielung seines Tanztheaters \u201eAbfahrende Schiffe\u201c gegr\u00fcndet. Es ist international besetzt und tritt in unterschiedlichen Formationen mit<\/span>\u00a0 <span style=\"font-size: inherit;\">klassischen Instrumenten auf. Die Kerngruppe setzt sich aus Gesang (Mezzo-Sopran, Counter-Tenor und Bariton), sowie Oboe, Geige, Cello und Klavier zusammen.<\/span><\/p>\n<p class=\"Textk\u00f6rper-P-P0\">Seit seiner Gr\u00fcndung kann das Ensemble neben der zweiten CD-Einspielung \u201eSongs of Love and Night\u201c bereits eine rege Auff\u00fchrungspraxis vorweisen, insbesondere im Umkreis von Bildender Kunst, Galerien und Tanz. Plattformen wie AppleMusic oder Spotify streamen Urmetzers Musik international in mehr als 30 L\u00e4nder weltweit. <a href=\"https:\/\/edition-weissenburg.de\/blog\/?page_id=13341&amp;lang=de\">Mehr&#8230;<\/a><\/p>\n<\/div><\/div>\n\n\n\n<h2 class=\"wp-block-heading\">Matutina Labels<\/h2>\n\n\n\n<div class=\"wp-block-group\"><div class=\"wp-block-group__inner-container is-layout-constrained wp-block-group-is-layout-constrained\">\n<div class=\"wp-block-columns is-layout-flex wp-container-core-columns-is-layout-3 wp-block-columns-is-layout-flex\">\n<div class=\"wp-block-column is-layout-flow wp-block-column-is-layout-flow\">\n<h3 class=\"wp-block-heading has-text-align-center\"><a href=\"https:\/\/edition-weissenburg.de\/blog\/?page_id=5495&amp;lang=de\" data-type=\"page\" data-id=\"5495\">Matutina Music<\/a><\/h3>\n\n\n\n<p class=\"has-text-align-center\">Matutina Music (mm) ver\u00f6ffentlicht CDs, DVDs und Noten von K\u00fcnstlern, die nicht im Bereich der akademischen Musik arbeiten (Ger\u00e4uschkunst, Musikmathematik) oder sich dem kommerziellen Diktat unterwerfen.<\/p>\n<\/div>\n\n\n\n<div class=\"wp-block-column is-layout-flow wp-block-column-is-layout-flow\">\n<h3 class=\"wp-block-heading has-text-align-center\"><a href=\"https:\/\/edition-weissenburg.de\/blog\/?page_id=5488&amp;lang=de\" data-type=\"page\" data-id=\"5488\">Matutina Books<\/a><\/h3>\n\n\n\n<p class=\"has-text-align-center\">Matutina Books (mb) vertritt poststrukturalistisches Denken aus Frankreich, insbesondere die Ideen von Dekonstruktion und Postmoderne.<\/p>\n<\/div>\n\n\n\n<div class=\"wp-block-column is-layout-flow wp-block-column-is-layout-flow\">\n<h3 class=\"wp-block-heading has-text-align-center\"><a href=\"https:\/\/edition-weissenburg.de\/blog\/?page_id=6889&amp;lang=de\" data-type=\"page\" data-id=\"6889\">Matutina Gallery<\/a><\/h3>\n\n\n\n<p class=\"has-text-align-center\">Matutina Gallery (mg) unterst\u00fctzt dekonstruktive Tendenzen im Umkreis von Architektur und Bildender Kunst, auch in den Randbereichen von Popart, Dadaismus oder politischem Engagement.<\/p>\n<\/div>\n<\/div>\n<\/div><\/div>\n\n\n","protected":false},"excerpt":{"rendered":"<p>Die edition weissenburg mit den drei Matutina Labels wurde im Jahr 2000 von Joachim Hase in Saarbr\u00fccken gegr\u00fcndet und ist im franz\u00f6sischen Sprachgebrauch ein Verlag \u201cde plaisir\u201d. Er vertritt und vertreibt wichtige Spielarten der zeitgen\u00f6ssischen Kunst, insbesondere in den Bereichen Musik, Bildende Kunst und Literatur. Neuigkeiten Neu im Vertrieb: DDs&nbsp; Zusammen mit dem IT-Ingenieur Paul Bredl hat der Verlag ein&nbsp;&#46;&#46;&#46;<\/p>\n","protected":false},"author":1,"featured_media":0,"parent":0,"menu_order":0,"comment_status":"closed","ping_status":"closed","template":"","meta":{"spay_email":"","footnotes":""},"class_list":["post-5521","page","type-page","status-publish","hentry"],"jetpack_shortlink":"https:\/\/wp.me\/P4WFkG-1r3","jetpack_sharing_enabled":true,"_links":{"self":[{"href":"https:\/\/edition-weissenburg.de\/blog\/index.php?rest_route=\/wp\/v2\/pages\/5521"}],"collection":[{"href":"https:\/\/edition-weissenburg.de\/blog\/index.php?rest_route=\/wp\/v2\/pages"}],"about":[{"href":"https:\/\/edition-weissenburg.de\/blog\/index.php?rest_route=\/wp\/v2\/types\/page"}],"author":[{"embeddable":true,"href":"https:\/\/edition-weissenburg.de\/blog\/index.php?rest_route=\/wp\/v2\/users\/1"}],"replies":[{"embeddable":true,"href":"https:\/\/edition-weissenburg.de\/blog\/index.php?rest_route=%2Fwp%2Fv2%2Fcomments&post=5521"}],"version-history":[{"count":41,"href":"https:\/\/edition-weissenburg.de\/blog\/index.php?rest_route=\/wp\/v2\/pages\/5521\/revisions"}],"predecessor-version":[{"id":13495,"href":"https:\/\/edition-weissenburg.de\/blog\/index.php?rest_route=\/wp\/v2\/pages\/5521\/revisions\/13495"}],"wp:attachment":[{"href":"https:\/\/edition-weissenburg.de\/blog\/index.php?rest_route=%2Fwp%2Fv2%2Fmedia&parent=5521"}],"curies":[{"name":"wp","href":"https:\/\/api.w.org\/{rel}","templated":true}]}}