{"id":5808,"date":"2016-04-20T12:55:25","date_gmt":"2016-04-20T12:55:25","guid":{"rendered":"http:\/\/edition-weissenburg.de\/blog\/?page_id=5808"},"modified":"2020-03-26T10:39:19","modified_gmt":"2020-03-26T10:39:19","slug":"abfahrende-schiffe-prosagedichte","status":"publish","type":"page","link":"https:\/\/edition-weissenburg.de\/blog\/?page_id=5808&lang=de","title":{"rendered":"Abfahrende Schiffe \u2013 Prosagedichte"},"content":{"rendered":"<p><a href=\"https:\/\/i0.wp.com\/edition-weissenburg.de\/blog\/wp-content\/uploads\/2016\/04\/31m4y96dGYL1.jpg\"><img loading=\"lazy\" decoding=\"async\" src=\"https:\/\/i1.wp.com\/edition-weissenburg.de\/blog\/wp-content\/uploads\/2016\/04\/31m4y96dGYL1-150x150.jpg?resize=300%2C470\" class=\"alignright wp-image-5809\" alt=\"Prosagedichte_cover1\" width=\"300\" height=\"470\" srcset=\"https:\/\/i0.wp.com\/edition-weissenburg.de\/blog\/wp-content\/uploads\/2016\/04\/31m4y96dGYL1.jpg?resize=191%2C300&amp;ssl=1 191w, https:\/\/i0.wp.com\/edition-weissenburg.de\/blog\/wp-content\/uploads\/2016\/04\/31m4y96dGYL1.jpg?resize=20%2C30&amp;ssl=1 20w, https:\/\/i0.wp.com\/edition-weissenburg.de\/blog\/wp-content\/uploads\/2016\/04\/31m4y96dGYL1.jpg?w=319&amp;ssl=1 319w\" sizes=\"(max-width: 300px) 100vw, 300px\" data-recalc-dims=\"1\" \/><\/a><a href=\"http:\/\/edition-weissenburg.de\/blog\/?page_id=5488&#038;lang=de\">zur\u00fcck zur Liste:<\/a><\/p>\n<p><strong>Abfahrende Schiffe \u2013 Prosagedichte<\/strong><\/p>\n<p>Die vorliegenden Prosagedichte von Reinhold Urmetzer sind in drei Lebensphasen entstanden. Sie spiegeln unterschiedliche gesellschaftliche Zust\u00e4nde sowie pers\u00f6nliche Befindlichkeiten.<\/p>\n<p>Das Jahr 1980 steht etwa in der Mitte der \u201ebleiernen Zeit\u201c Westdeutschlands, um einen gleichnamigen Film von Margarete von Trotta zu erw\u00e4hnen. Der RAF-Terror war immer noch aktiv, das studentische Aufbruch-Feuer im Dogmatismus erloschen. Pessimismus und Endzeitstimmung erreichten sogar die Popmusik mit Punk und New Wave.<\/p>\n<p>Die Jab\u00e8s Texte von 2001 sind demgegen\u00fcber inspiriert vom neuen Denken vor allem franz\u00f6sischer Autoren. Edmond Jab\u00e8s, ein Franco-\u00c4gypter, traf mit seiner Sprach-Mystik den Nerv vieler desillusionierter Intellektueller.<\/p>\n<p>Die Rimbaud-Fragmente von 2013 schlie\u00dflich greifen wieder die Stimmung von 1980 und vom Anfang dieser Anthologie auf. Sie f\u00fchren in eine Welt, die sich viel mehr noch als zu Rimbauds Zeit in einem Hamsterrad von Beschleunigung, Unfreiheit und Desorientierung gefangen findet.<\/p>\n<p>Vom \u201eWiederfinden des Himmels und der Erde\u201c ist eine in den Jahren 2014 und 2015 geschriebene Auftragsarbeit f\u00fcr Marianne Pape und Maria Grazia Sacchitelli. Sie ist anl\u00e4sslich der Internationalen Mail\u00e4nder Weltausstellung Expo<br \/>\n2015 entstanden. Die Texte begleiten komplement\u00e4r, manchmal auch antagonistisch in Form einer Konzept-Installation der beiden K\u00fcnstlerinnen die Thematik der Weltausstellung und gehen dabei eigene, manchmal auch ganz andere Wege.<\/p>\n<p>&nbsp;<\/p>\n<div><\/div>\n<table id=\"table_4\" style=\"width: 650px\" cellspacing=\"0\" cellpadding=\"0\">\n<colgroup>\n<col>\n<col>\n<col>\n<col><\/colgroup>\n<tbody>\n<tr>\n<td style=\"width: 241px\">\n<p class=\"Wp-Normal-P\"><span class=\"Normal-C\"><strong>ISBN-<wbr>10:<\/strong> 3738678875<br \/>\n<\/span><\/p>\n<\/td>\n<td style=\"width: 145px\">\n<p class=\"Wp-Tabellenk\u00f6rper-P\"><span class=\"Tabellenk\u00f6rper-C-C0\"><strong>Auflage:<\/strong> 1. Auflage<\/span><\/p>\n<\/td>\n<td style=\"width: 236px\">\n<p class=\"Wp-Tabellenk\u00f6rper-P\"><span class=\"Tabellenk\u00f6rper-C-C0\"><strong>Preis:<\/strong> 16,99<\/span><\/p>\n<\/td>\n<\/tr>\n<tr>\n<td style=\"width: 241px\">\n<p class=\"Wp-Normal-P\"><span class=\"Normal-C\"><strong>EAN:<\/strong> 978-3738678871<br \/>\n<\/span><\/p>\n<\/td>\n<td style=\"width: 145px\">\n<p class=\"Wp-Tabellenk\u00f6rper-P\"><span class=\"Tabellenk\u00f6rper-C-C0\"><strong>Seiten:<\/strong> 168<\/span><\/p>\n<\/td>\n<td style=\"width: 236px\"><\/td>\n<\/tr>\n<tr>\n<td style=\"width: 241px\">\n<p class=\"Wp-Normal-P\"><span class=\"Normal-C\"><strong>Erscheinungstermin:<\/strong> 06.2015<\/span><\/p>\n<\/td>\n<td style=\"width: 145px\">\n<p class=\"Wp-Tabellenk\u00f6rper-P\"><span class=\"Tabellenk\u00f6rper-C-C0\"><strong>Gewicht:<\/strong> ca. 150 g<\/span><\/p>\n<\/td>\n<td style=\"width: 236px\">\n<p class=\"Wp-Tabellenk\u00f6rper-P\"><strong><span class=\"Tabellenk\u00f6rper-C-C0\">Weitere Bezugsquellen:<\/span><\/strong><\/p>\n<\/td>\n<\/tr>\n<tr>\n<td style=\"width: 241px\">\n<p class=\"Wp-Normal-P\"><span class=\"Normal-C\"><strong>Verlag:<\/strong> Books on Demand<br \/>\n<\/span><\/p>\n<\/td>\n<td style=\"width: 145px\">\n<p class=\"Wp-Tabellenk\u00f6rper-P\"><span class=\"Tabellenk\u00f6rper-C-C0\"><strong>L\u00e4nge:<\/strong> 198 mm<\/span><\/p>\n<\/td>\n<td style=\"width: 236px\">\n<p class=\"Wp-Tabellenk\u00f6rper-P\"><span class=\"Tabellenk\u00f6rper-C-C0\"><a href=\"http:\/\/www.amazon.de\/dp\/3738678875\">Amazon<\/a>, <a href=\"https:\/\/www.bod.de\/buch\/reinhold-urmetzer\/abfahrende-schiffe---prosagedichte\/9783738678871.html\">Books on Demand<\/a><br \/>\n<\/span><\/p>\n<\/td>\n<\/tr>\n<tr>\n<td style=\"width: 241px\">\n<p class=\"Wp-Normal-P\"><span class=\"Normal-C\"><strong>Einband:<\/strong> Taschenbuch<\/span><\/p>\n<\/td>\n<td style=\"width: 145px\">\n<p class=\"Wp-Tabellenk\u00f6rper-P\"><span class=\"Tabellenk\u00f6rper-C-C0\"><strong>Breite:<\/strong> 126 mm<\/span><\/p>\n<\/td>\n<td style=\"width: 236px\">\n<p class=\"Wp-Tabellenk\u00f6rper-P\"><span class=\"Tabellenk\u00f6rper-C-C0\"><wbr><\/span><\/p>\n<\/td>\n<\/tr>\n<tr>\n<td style=\"width: 241px\">\n<p class=\"Wp-Tabellenk\u00f6rper-P\"><span class=\"Tabellenk\u00f6rper-C-C0\"><strong>Sprache:<\/strong> Deutsch<\/span><\/p>\n<\/td>\n<td style=\"width: 145px\">\n<p class=\"Wp-Tabellenk\u00f6rper-P\"><span class=\"Tabellenk\u00f6rper-C-C0\"><strong>H\u00f6he:<\/strong> 17 mm<\/span><\/p>\n<\/td>\n<td style=\"width: 236px\"><\/td>\n<\/tr>\n<\/tbody>\n<\/table>\n<p>&nbsp;<\/p>\n","protected":false},"excerpt":{"rendered":"<p>zur\u00fcck zur Liste: Abfahrende Schiffe \u2013 Prosagedichte Die vorliegenden Prosagedichte von Reinhold Urmetzer sind in drei Lebensphasen entstanden. Sie spiegeln unterschiedliche gesellschaftliche Zust\u00e4nde sowie pers\u00f6nliche Befindlichkeiten. Das Jahr 1980 steht etwa in der Mitte der \u201ebleiernen Zeit\u201c Westdeutschlands, um einen gleichnamigen Film von Margarete von Trotta zu erw\u00e4hnen. Der RAF-Terror war immer noch aktiv, das studentische Aufbruch-Feuer im Dogmatismus erloschen.&#46;&#46;&#46;<\/p>\n","protected":false},"author":1,"featured_media":0,"parent":5488,"menu_order":0,"comment_status":"closed","ping_status":"closed","template":"","meta":{"spay_email":"","footnotes":""},"class_list":["post-5808","page","type-page","status-publish","hentry"],"jetpack_shortlink":"https:\/\/wp.me\/P4WFkG-1vG","jetpack_sharing_enabled":true,"_links":{"self":[{"href":"https:\/\/edition-weissenburg.de\/blog\/index.php?rest_route=\/wp\/v2\/pages\/5808"}],"collection":[{"href":"https:\/\/edition-weissenburg.de\/blog\/index.php?rest_route=\/wp\/v2\/pages"}],"about":[{"href":"https:\/\/edition-weissenburg.de\/blog\/index.php?rest_route=\/wp\/v2\/types\/page"}],"author":[{"embeddable":true,"href":"https:\/\/edition-weissenburg.de\/blog\/index.php?rest_route=\/wp\/v2\/users\/1"}],"replies":[{"embeddable":true,"href":"https:\/\/edition-weissenburg.de\/blog\/index.php?rest_route=%2Fwp%2Fv2%2Fcomments&post=5808"}],"version-history":[{"count":2,"href":"https:\/\/edition-weissenburg.de\/blog\/index.php?rest_route=\/wp\/v2\/pages\/5808\/revisions"}],"predecessor-version":[{"id":9880,"href":"https:\/\/edition-weissenburg.de\/blog\/index.php?rest_route=\/wp\/v2\/pages\/5808\/revisions\/9880"}],"up":[{"embeddable":true,"href":"https:\/\/edition-weissenburg.de\/blog\/index.php?rest_route=\/wp\/v2\/pages\/5488"}],"wp:attachment":[{"href":"https:\/\/edition-weissenburg.de\/blog\/index.php?rest_route=%2Fwp%2Fv2%2Fmedia&parent=5808"}],"curies":[{"name":"wp","href":"https:\/\/api.w.org\/{rel}","templated":true}]}}

<p><a href="https://i0.wp.com/edition-weissenburg.de/blog/wp-content/uploads/2016/04/31m4y96dGYL1.jpg"><img loading="lazy" decoding="async" src="https://i1.wp.com/edition-weissenburg.de/blog/wp-content/uploads/2016/04/31m4y96dGYL1-150x150.jpg?resize=300%2C470" class="alignright wp-image-5809" alt="Prosagedichte_cover1" width="300" height="470" srcset="https://i0.wp.com/edition-weissenburg.de/blog/wp-content/uploads/2016/04/31m4y96dGYL1.jpg?resize=191%2C300&amp;ssl=1 191w, https://i0.wp.com/edition-weissenburg.de/blog/wp-content/uploads/2016/04/31m4y96dGYL1.jpg?resize=20%2C30&amp;ssl=1 20w, https://i0.wp.com/edition-weissenburg.de/blog/wp-content/uploads/2016/04/31m4y96dGYL1.jpg?w=319&amp;ssl=1 319w" sizes="(max-width: 300px) 100vw, 300px" data-recalc-dims="1" /></a><a href="http://edition-weissenburg.de/blog/?page_id=5488&#038;lang=de">zurück zur Liste:</a></p>
<p><strong>Abfahrende Schiffe – Prosagedichte</strong></p>
<p>Die vorliegenden Prosagedichte von Reinhold Urmetzer sind in drei Lebensphasen entstanden. Sie spiegeln unterschiedliche gesellschaftliche Zustände sowie persönliche Befindlichkeiten.</p>
<p>Das Jahr 1980 steht etwa in der Mitte der „bleiernen Zeit“ Westdeutschlands, um einen gleichnamigen Film von Margarete von Trotta zu erwähnen. Der RAF-Terror war immer noch aktiv, das studentische Aufbruch-Feuer im Dogmatismus erloschen. Pessimismus und Endzeitstimmung erreichten sogar die Popmusik mit Punk und New Wave.</p>
<p>Die Jabès Texte von 2001 sind demgegenüber inspiriert vom neuen Denken vor allem französischer Autoren. Edmond Jabès, ein Franco-Ägypter, traf mit seiner Sprach-Mystik den Nerv vieler desillusionierter Intellektueller.</p>
<p>Die Rimbaud-Fragmente von 2013 schließlich greifen wieder die Stimmung von 1980 und vom Anfang dieser Anthologie auf. Sie führen in eine Welt, die sich viel mehr noch als zu Rimbauds Zeit in einem Hamsterrad von Beschleunigung, Unfreiheit und Desorientierung gefangen findet.</p>
<p>Vom „Wiederfinden des Himmels und der Erde“ ist eine in den Jahren 2014 und 2015 geschriebene Auftragsarbeit für Marianne Pape und Maria Grazia Sacchitelli. Sie ist anlässlich der Internationalen Mailänder Weltausstellung Expo<br />
2015 entstanden. Die Texte begleiten komplementär, manchmal auch antagonistisch in Form einer Konzept-Installation der beiden Künstlerinnen die Thematik der Weltausstellung und gehen dabei eigene, manchmal auch ganz andere Wege.</p>
<p>&nbsp;</p>
<div></div>
<table id="table_4" style="width: 650px" cellspacing="0" cellpadding="0">
<colgroup>
<col>
<col>
<col>
<col></colgroup>
<tbody>
<tr>
<td style="width: 241px">
<p class="Wp-Normal-P"><span class="Normal-C"><strong>ISBN-<wbr>10:</strong> 3738678875<br />
</span></p>
</td>
<td style="width: 145px">
<p class="Wp-Tabellenkörper-P"><span class="Tabellenkörper-C-C0"><strong>Auflage:</strong> 1. Auflage</span></p>
</td>
<td style="width: 236px">
<p class="Wp-Tabellenkörper-P"><span class="Tabellenkörper-C-C0"><strong>Preis:</strong> 16,99</span></p>
</td>
</tr>
<tr>
<td style="width: 241px">
<p class="Wp-Normal-P"><span class="Normal-C"><strong>EAN:</strong> 978-3738678871<br />
</span></p>
</td>
<td style="width: 145px">
<p class="Wp-Tabellenkörper-P"><span class="Tabellenkörper-C-C0"><strong>Seiten:</strong> 168</span></p>
</td>
<td style="width: 236px"></td>
</tr>
<tr>
<td style="width: 241px">
<p class="Wp-Normal-P"><span class="Normal-C"><strong>Erscheinungstermin:</strong> 06.2015</span></p>
</td>
<td style="width: 145px">
<p class="Wp-Tabellenkörper-P"><span class="Tabellenkörper-C-C0"><strong>Gewicht:</strong> ca. 150 g</span></p>
</td>
<td style="width: 236px">
<p class="Wp-Tabellenkörper-P"><strong><span class="Tabellenkörper-C-C0">Weitere Bezugsquellen:</span></strong></p>
</td>
</tr>
<tr>
<td style="width: 241px">
<p class="Wp-Normal-P"><span class="Normal-C"><strong>Verlag:</strong> Books on Demand<br />
</span></p>
</td>
<td style="width: 145px">
<p class="Wp-Tabellenkörper-P"><span class="Tabellenkörper-C-C0"><strong>Länge:</strong> 198 mm</span></p>
</td>
<td style="width: 236px">
<p class="Wp-Tabellenkörper-P"><span class="Tabellenkörper-C-C0"><a href="http://www.amazon.de/dp/3738678875">Amazon</a>, <a href="https://www.bod.de/buch/reinhold-urmetzer/abfahrende-schiffe---prosagedichte/9783738678871.html">Books on Demand</a><br />
</span></p>
</td>
</tr>
<tr>
<td style="width: 241px">
<p class="Wp-Normal-P"><span class="Normal-C"><strong>Einband:</strong> Taschenbuch</span></p>
</td>
<td style="width: 145px">
<p class="Wp-Tabellenkörper-P"><span class="Tabellenkörper-C-C0"><strong>Breite:</strong> 126 mm</span></p>
</td>
<td style="width: 236px">
<p class="Wp-Tabellenkörper-P"><span class="Tabellenkörper-C-C0"><wbr></span></p>
</td>
</tr>
<tr>
<td style="width: 241px">
<p class="Wp-Tabellenkörper-P"><span class="Tabellenkörper-C-C0"><strong>Sprache:</strong> Deutsch</span></p>
</td>
<td style="width: 145px">
<p class="Wp-Tabellenkörper-P"><span class="Tabellenkörper-C-C0"><strong>Höhe:</strong> 17 mm</span></p>
</td>
<td style="width: 236px"></td>
</tr>
</tbody>
</table>
<p>&nbsp;</p>

<p>zurück zur Liste: Abfahrende Schiffe – Prosagedichte Die vorliegenden Prosagedichte von Reinhold Urmetzer sind in drei Lebensphasen entstanden. Sie spiegeln unterschiedliche gesellschaftliche Zustände sowie persönliche Befindlichkeiten. Das Jahr 1980 steht etwa in der Mitte der „bleiernen Zeit“ Westdeutschlands, um einen gleichnamigen Film von Margarete von Trotta zu erwähnen. Der RAF-Terror war immer noch aktiv, das studentische Aufbruch-Feuer im Dogmatismus erloschen.&#46;&#46;&#46;</p>
